hat is the highest common factor of q and 702?
234
Suppose 19*i + 3*y = 17*i + 311, -2*y + 898 = 6*i. Calculate the greatest common factor of 7178 and i.
74
Suppose -4*n + 11 = -5*a, 2*n + 0 - 7 = a. Suppose -4*u - 2356 = -5*b - 0*b, -4*b + n*u + 1888 = 0. What is the highest common divisor of b and 39?
39
Suppose 0 = 3*b + 9855 - 10596. What is the highest common factor of 190 and b?
19
Suppose -12*s + 13*s = 11. Let n be 5/((-40)/12)*(-4)/3. Suppose -547 = -2*v - 2*v + 5*j, 0 = -n*v - 4*j + 306. Calculate the greatest common factor of s and v.
11
Let o be 4/(-10)*(26/2 + -18). What is the greatest common factor of 119 and o?
1
Let g(d) be the first derivative of 4*d**3 - 5*d**2 - 2*d + 21. Let k be g(-6). Calculate the greatest common divisor of 10 and k.
10
Let z(s) = -s - 8. Let h be z(-21). Suppose -7*a = -h*a + 192. What is the greatest common divisor of a and 128?
32
Let w(c) = -c**2 - 12*c + 58. Let b be w(-16). Let a be 8/b - 7140/(-90). Calculate the greatest common divisor of a and 312.
78
Let t be (25 - -1)/(2/14). Calculate the highest common factor of t and 598.
26
Let v(n) = -33*n - 300. Let f be v(-12). Calculate the greatest common divisor of f and 9312.
96
Let c be 246 + -258 - 1*-20. Calculate the greatest common factor of c and 256.
8
Let l = 2705 + -1539. Let j = 1824 - l. Let v = j + -295. Calculate the greatest common divisor of 33 and v.
33
Suppose -2*u + c + 303 = 115, -c + 282 = 3*u. Calculate the highest common divisor of 799 and u.
47
Let k = 1316 + -1309. What is the greatest common divisor of 329 and k?
7
Let d(g) = -4*g**2 + 3*g + 3700. Let y be d(-30). Let x be (-1 - -160) + (3 - 2). Calculate the highest common factor of y and x.
10
Let u = 665 - 633. Calculate the highest common factor of u and 5728.
32
Suppose -317*q + 5*g = -314*q - 6171, 4*q + 4*g = 8324. What is the greatest common factor of 666 and q?
74
Suppose 19*m - 3*o = 20*m - 1057, m - 1113 = 4*o. What is the highest common divisor of m and 345?
23
Let k = 27953 + -27949. Let q be 0 - (-801 - 1*-1). Suppose k*r = -r + q. What is the greatest common divisor of 20 and r?
20
Let k = -33 - -63. Let j be 0 + 5 + 3/(((-84)/(-340))/7). Calculate the greatest common factor of j and k.
30
Suppose 3*u - 4*i - 13811 = 0, -4*i - 5 = -9. What is the greatest common divisor of u and 15?
15
Let o = 244 - 242. Suppose -o*n - 9*n + 33 = 0. Let l(p) = -6*p - 6. Let w be l(-5). What is the highest common factor of w and n?
3
Let a(i) = -25*i + 253. Let m be a(9). Let l(f) = 2*f**2 + 5*f + 1. Let w be l(-3). What is the highest common divisor of m and w?
4
Let s be (9 - 161) + 10/(-5). Let f = s + 182. Suppose -3*h - q + 32 = 4*q, 2*h - 36 = 4*q. Calculate the greatest common factor of f and h.
14
Let v(z) = -z**2 - 17*z - 48. Let i be v(-9). Suppose k + 2*q - i = 0, -2*k + 0*k = 3*q - 51. What is the greatest common factor of k and 6?
6
Let c(b) = 9*b - 1. Let i be c(0). Let o be -2 + 71/4 + i/(-4). Calculate the highest common divisor of 8 and o.
8
Suppose 0*p = 6*p + 4*p - 3150. Calculate the highest common factor of p and 147.
21
Suppose 2 = -k, 14873 + 4952 = 3*b + 4*k. Calculate the highest common factor of 11 and b.
11
Suppose 0 = -1614*k + 1637*k - 4968. Calculate the highest common divisor of 40 and k.
8
Let a(s) be the first derivative of -s**4/4 - 5*s**3 - 29*s**2/2 - 53. Let f be a(-13). What is the highest common factor of 3 and f?
3
Suppose 2*y + 1699 = 1103. Let p = -288 - y. Calculate the highest common divisor of 250 and p.
10
Let b(m) = m**3 - 16*m**2 + 22*m + 69. Let c be b(14). Let h(k) = 5*k + 81. Let a be h(c). What is the highest common factor of 12 and a?
6
Let s = -238215 + 238677. Let x be 85 + (-1 + 0)/1. Calculate the greatest common divisor of s and x.
42
Suppose -2*i + 2*t = -0*i - 252, -t = -2. Let k be (15/12)/(4/128). Calculate the highest common factor of i and k.
8
Let w(r) = 0 + 8*r - r**2 + 10*r + 11 + 0*r. Suppose -65 = 2*i - 99. Let n be w(i). What is the greatest common divisor of n and 7?
7
Let c = 33076 + -32978. Calculate the highest common divisor of c and 17444.
98
Let j = -51 - -87. Suppose -4*k + t = -60, j = 3*k + t - 16. Suppose 314 - 74 = 5*m. Calculate the greatest common factor of k and m.
16
Let m(z) = -28*z**2 - 23*z + 4*z**3 + 15 + 49*z**2 - 15*z - 5*z**3. Let d be m(19). Calculate the greatest common factor of 30 and d.
15
Suppose 2*m - 5*j + j = 58, 0 = -4*m - 4*j + 116. Suppose m - 324 = -5*i. Let c = 64 - i. What is the highest common factor of 20 and c?
5
Let j = -22 + 33. Suppose 2*i - 3 = j. Let v = 1739 - 1732. Calculate the highest common divisor of v and i.
7
Let r = 238 - 90. Suppose 4*m - v = r, m - 44 = 2*v - 0*v. Suppose -2*g + 33 = -3*l, -4*l + l = 2*g - 63. What is the greatest common divisor of m and g?
12
Let l = 155 - 129. Suppose -80 = 21*q - l*q. Let r be 131 - (-5)/((-10)/6). What is the highest common factor of r and q?
16
Suppose -y = 3*a - 8 - 58, -4*a - 8 = 0. Let s(h) = -h**2 - 110*h + 952. Let o be s(8). What is the highest common divisor of o and y?
8
Let b be 1 - (-5 - 45/5). Suppose b = 5*i - 45. Suppose 0 = -4*h + 44 + 4. Calculate the greatest common divisor of h and i.
12
Let h(a) = 16*a**2 - 234*a - 1406. Let z be h(-6). Calculate the highest common factor of z and 3034.
82
Let j be (-47 + 11)*1/(-2). Let z = -12 + j. Suppose z*q = 2*q + 792. Calculate the greatest common divisor of 22 and q.
22
Suppose 0 = -13*s + 36*s + 1242. Let b be 27/108 - s/8. Calculate the greatest common factor of b and 112.
7
Let s = 65 - 44. Let v(b) = -17*b - 2546. Let z be v(-151). What is the highest common factor of s and z?
21
Let o be ((-5786)/33*-20)/(((-1)/3)/(-1)). Calculate the greatest common factor of 789 and o.
263
Let y(i) = 72*i + 31. Let p be y(-11). Let w = p - -841. Calculate the greatest common divisor of w and 30.
10
Suppose 5856 = 36*i - 4*i. Suppose 0 = 3*y, 7*y - 3*y = 2*m - 244. What is the highest common factor of m and i?
61
Let l(k) = 8*k + 10. Suppose -13*x - 24 = -x. Let y be l(x). Let z be ((-4)/y)/(1/(-60)*-5). Calculate the greatest common factor of 32 and z.
8
Let h be (10 + 0)*(-576)/(-360). Suppose -4*c + 152 = 2*p, 12*c = h*c + 3*p - 152. Calculate the highest common factor of c and 323.
19
Suppose 3*x = 4*a - 8*a - 16, -x + 16 = -4*a. Let c be (0 - (-7 + 1657))*a/6. Calculate the highest common divisor of 100 and c.
100
Let c(f) = f**3 - 7*f**2 + 10*f - 16. Let r be c(7). Suppose 6*d + r = 12*d. Calculate the highest common divisor of d and 117.
9
Let g = 52873 - 31465. What is the highest common factor of g and 288?
96
Let z be -83*(-2 - -3) + (-8)/(-8). Let f = 91 + z. What is the greatest common factor of f and 72?
9
Suppose 2*v - 136 = -0*v. Let b(q) = -q**3 - 2*q**2 - 4*q + 204. Let p be b(0). Suppose -83*r + 87*r = p. Calculate the greatest common divisor of v and r.
17
Let w = -4910 - -5186. Calculate the highest common divisor of w and 483.
69
Let s(v) = 10*v - 383. Let p be s(35). Let g be 784/(-20) - 2/(-10). Let n = p - g. Calculate the greatest common factor of n and 1.
1
Suppose -7*z + 15 = -6. Suppose 5*i - 15 = 0, -o = -z*o - 4*i + 32. Suppose 14*y = o*y + 56. Calculate the greatest common factor of 7 and y.
7
Let c(k) = -k**2 + k + 54. Let m be c(0). Suppose -67 = -d - m. Suppose s = g + 2 + d, -4*g = 4*s - 20. Calculate the highest common factor of s and 10.
10
Let u = 9647 + -8545. Calculate the highest common divisor of 684 and u.
38
Let l be (-2)/((-5)/(358 - -7)). Suppose -141*d + l*d - 4000 = 0. Calculate the highest common divisor of 40 and d.
40
Let f(b) = -b**2 - 15*b + 36. Let x be f(-16). Let j be 901/3 - (-9)/(-27). Suppose 5*m = -m + j. Calculate the greatest common factor of m and x.
10
Let l(t) = -6*t - 137. Let q be l(-27). Suppose -25 = -5*a, a - q = -r - 8. What is the highest common factor of 10 and r?
2
Suppose -1409*m + 1414*m + 2*u - 406 = 0, -68 = -m + 4*u. Calculate the greatest common divisor of m and 1810.
10
Let o be (732/15)/(3/(-20))*(-1890)/210. What is the greatest common factor of o and 24?
24
Let f be (3/(9/2))/((-29)/(-609)). Let d(j) = -10*j + 171. Let w be d(f). Calculate the greatest common factor of w and 93.
31
Let s = -145853 + 145854. Let q = -23 + 32. Calculate the highest common divisor of q and s.
1
Let